1646?
True
Is 100 a factor of 26201055?
False
Does 2764 divide 606868714?
False
Is 77145222 a multiple of 462?
True
Is 467 a factor of 1198380375?
True
Does 64 divide 167494788?
False
Does 1695 divide 81332880?
True
Is 53068716 a multiple of 113?
False
Does 74 divide 83171560?
True
Is 470 a factor of 388900805?
False
Does 5618 divide 2700984549?
False
Is 115544841 a multiple of 2469?
False
Is 18 a factor of 5187803821?
False
Does 21 divide 101531295?
False
Is 2540754659 a multiple of 5869?
True
Is 12 a factor of 545633133?
False
Is 392 a factor of 421181656?
True
Does 98 divide 365580120?
False
Is 495108 a multiple of 502?
False
Does 21 divide 127833132?
True
Is 176043760 a multiple of 75?
False
Does 367 divide 132295614?
False
Does 3 divide 9489398?
False
Does 22 divide 1349602563?
False
Is 7 a factor of 186191712?
True
Does 437 divide 5867599?
True
Is 3 a factor of 46462086?
True
Is 251526215 a multiple of 9?
False
Does 1403 divide 479476653?
True
Is 1287 a factor of 73178918?
False
Is 26147870 a multiple of 731?
True
Is 124 a factor of 120852393?
False
Is 11 a factor of 37209425?
True
Is 1674311148 a multiple of 4266?
True
Is 151 a factor of 14643376?
True
Is 319939367 a multiple of 654?
False
Is 96 a factor of 70473696?
True
Is 8505 a factor of 4147436334?
False
Does 590 divide 6747240?
True
Is 3832 a factor of 1276746702?
False
Is 130 a factor of 219935978?
False
Is 267 a factor of 68464407?
True
Does 19 divide 49653011?
False
Does 105 divide 1589195569?
False
Does 6814 divide 322907274?
False
Does 2092 divide 24429355?
False
Is 54060794 a multiple of 19?
False
Is 926729501 a multiple of 52?
False
Is 51639226 a multiple of 21?
False
Is 231518629 a multiple of 29?
True
Is 18808615 a multiple of 55?
False
Is 12617781 a multiple of 315?
False
Is 6376818 a multiple of 57?
True
Does 1674 divide 1618950510?
True
Is 96379230 a multiple of 1145?
True
Is 21343767 a multiple of 3?
True
Does 282 divide 1159031280?
True
Is 53552666 a multiple of 34?
False
Is 2508 a factor of 380360760?
False
Is 110480786 a multiple of 13?
True
Is 47 a factor of 3928189714?
False
Is 17895598 a multiple of 781?
False
Is 5437407668 a multiple of 14?
True
Does 74 divide 642208630?
True
Does 488 divide 1896797?
False
Does 1086 divide 8694620?
False
Does 433 divide 4558853?
False
Is 32588446 a multiple of 35?
False
Does 652 divide 296928624?
True
Does 173 divide 298145845?
False
Does 648 divide 1004553516?
False
Is 1369894 a multiple of 17?
True
Is 1094571769 a multiple of 469?
False
Is 142258450 a multiple of 1030?
True
Does 387 divide 25424352?
True
Is 449994199 a multiple of 202?
False
Does 915 divide 52984905?
True
Does 423 divide 1518449566?
False
Is 4 a factor of 162168460?
True
Is 1137561532 a multiple of 127?
False
Is 33 a factor of 1474825638?
True
Is 11 a factor of 221360096?
False
Is 174903736 a multiple of 518?
True
Is 7900 a factor of 1607618400?
True
Is 9895680 a multiple of 160?
True
Does 1006 divide 29198320?
False
Is 8 a factor of 142517086?
False
Is 29 a factor of 350466421?
True
Does 9186 divide 2439149394?
True
Is 382970535 a multiple of 1273?
False
Is 9 a factor of 13918023?
True
Is 4436484 a multiple of 78?
True
Is 524782167 a multiple of 1829?
True
Does 79 divide 399424?
True
Is 3157 a factor of 352194409?
False
Is 3119183425 a multiple of 25?
True
Is 670095930 a multiple of 42?
True
Does 1416 divide 577195584?
True
Does 177 divide 11558252?
False
Is 21650880 a multiple of 19?
True
Does 55 divide 177448975?
True
Does 28 divide 11031516?
False
Does 64 divide 517580969?
False
Does 254 divide 295257220?
True
Is 129 a factor of 36063725?
False
Does 9342 divide 73941930?
True
Is 275380047 a multiple of 13?
False
Is 131 a factor of 227739308?
True
Is 1799023218 a multiple of 101?
False
Is 27123810 a multiple of 9?
False
Is 94594692 a multiple of 228?
True
Is 1964 a factor of 4239101528?
True
Is 281828160 a multiple of 48?
True
Does 1574 divide 158943152?
False
Is 43660918 a multiple of 14?
True
Does 10 divide 146189432?
False
Is 97 a factor of 92051254?
True
Is 45648614 a multiple of 707?
False
Is 8 a factor of 15224949?
False
Does 26 divide 67285556?
True
Is 8916979 a multiple of 79?
False
Is 67220689 a multiple of 19?
True
Is 210720025 a multiple of 129?
False
Is 24 a factor of 61758823?
False
Is 280 a factor of 35733040?
True
Is 13199994 a multiple of 9?
True
Is 3557777 a multiple of 157?
True
Does 1322 divide 66732873?
False
Does 6 divide 14904738?
True
Is 459 a factor of 1773028211?
False
Is 49 a factor of 37879487?
False
Is 777 a factor of 264043479?
False
Does 295 divide 619869045?
True
Is 6 a factor of 90211545?
False
Is 42893612 a multiple of 1322?
True
Is 14 a factor of 7777252?
True
Is 428 a factor of 1824566140?
True
Is 196105228 a multiple of 1493?
False
Does 342 divide 1744762814?
False
Is 29 a factor of 55544438?
False
Does 36 divide 369761976?
True
Is 45 a factor of 94395015?
True
Is 80514765 a multiple of 45?
True
Is 15584670 a multiple of 27?
True
Is 25039447 a multiple of 364?
False
Is 3184 a factor of 1717965408?
True
Does 56 divide 398785132?
False
Does 4 divide 9882965?
False
Is 8 a factor of 110287760?
True
Is 2828577 a multiple of 1579?
False
Does 14 divide 1006989206?
False
Is 11 a factor of 5623440196?
True
Is 72035141 a multiple of 499?
True
Does 7 divide 51938205?
False
Is 2321 a factor of 255778065?
False
Is 20 a factor of 2158476980?
True
Does 24 divide 241571015?
False
Does 12690 divide 2485102595?
False
Is 14917750 a multiple of 10?
True
Is 31 a factor of 29947302?
True
Does 15 divide 17782486?
False
Is 1104 a factor of 3731532841?
False
Is 32 a factor of 722957760?
True
Is 5174220 a multiple of 20?
True
Is 218 a factor of 9399288?
True
Is 1583 a factor of 130507269?
True
Is 30687760 a multiple of 2143?
True
Is 24597750 a multiple of 150?
True
Is 1708529726 a multiple of 758?
True
Is 66 a factor of 310317876?
True
Is 1643290380 a multiple of 34?
True
Does 105 divide 582726203?
False
Does 3 divide 9315652?
False
Does 37 divide 3679830856?
True
Is 128009028 a multiple of 21?
True
Is 636051885 a multiple of 665?
True
Is 29312858 a multiple of 38?
True
Is 11061 a factor of 2313220113?
True
Is 9218052 a multiple of 3?
True
Is 420921088 a multiple of 64?
True
Is 130 a factor of 23352511?
False
Is 33 a factor of 103102164?
True
Is 222 a factor of 6495920688?
True
Is 36 a factor of 58422744?
True
Does 75 divide 1546692788?
False
Is 92312614 a multiple of 11?
False
Is 57829632 a multiple of 2776?
True
Does 95 divide 60520011?
False
Is 182 a factor of 24901786?
True
Is 28 a factor of 45893064?
True
Does 35 divide 617787870?
True
Is 39401916 a multiple of 25?
False
Does 11 divide 40548404?
False
Does 804 divide 959084844?
False
Is 2082 a factor of 96602718?
True
Does 66 divide 297379632?
True
Does 3700 divide 408630580?
False
Does 270 divide 95315681?
False
Is 255814220 a multiple of 29?
True
Is 131 a factor of 182919501?
False
Is 24 a factor of 109416?
True
Is 21 a factor of 170406773?
False
Is 23580844 a multiple of 14?
True
Does 3264 divide 72401743?
False
Is 2 a factor of 335668026?
True
Is 9 a factor of 10543828?
False
Is 124220796 a multiple of 4?
True
Does 60 divide 438882719?
False
Is 3808 a factor of 85501024?
True
Is 1257 a factor of 421389117?
False
Is 273 a factor of 15171861?
False
Is 378 a factor of 41471913?
False
Does 41 divide 182398422?
True
Does 2265 divide 100540843?
False
Is 1347001488 a multiple of 567?
True
Does 37 divide 642676354?
False
Is 10515054 a multiple of 6?
True
Does 95 divide 2335765?
True
Does 32 divide 51220880?
False
Does 30 divide 88089990?
True
Does 19 divide 83849773?
False
Is 36 a factor of 57124417?
False
Is 46 a factor of 42532152?
True
Is 285367474 a multiple of 14?
True
Is 584357309 a multiple of 57?
False
Is 86 a factor of 13314606?
True
Is 98593956 a multiple of 708?
True
Is 1792 a factor of 75746048?
True
Is 296213454 a multiple of 18?
True
Is 289290507 a multiple of 314?
False
Is 624664830 a multiple of 255?
True
Does 16 divide 4562698?
False
Does 32 divide 1822799072?
True
Is 12 a factor of 951312?
True
Is 7408 a factor of 4729615077?
False
Does 1467 divide 156251637?
True
Does 6862 divide 637967686?
False
Is 655011248 a multiple of 137?
True
Is 31671120 a multiple of 2411?
False
I